rs of f.
2, 3
Let d(r) = -r**2 - 7*r + 8. Let k(l) = 7*l + 1. Let n be k(-1). What are the prime factors of d(n)?
2, 7
Let z(y) = 3*y**2 - 16*y + 14. Let q(s) = s**2 - 1. Let i(g) = 4*q(g) - z(g). What are the prime factors of i(-19)?
3, 13
Let y = 156 - 110. What are the prime factors of y?
2, 23
Suppose -4*a + 5*l = -9, -3*l = 5*a - 7*a + 7. Let t be 44/6 - a/(-12). List the prime factors of 0/2 - (5 - t).
2
Suppose 0 = 5*s - s - 20. Let g = -4 + 4. Suppose s*f + g*f = 5*c - 15, 4*c - 5*f - 13 = 0. List the prime factors of c.
2
Let s(v) = 9*v - 3. Let n(x) = x**2 - 3*x + 2. Let y be n(3). What are the prime factors of s(y)?
3, 5
Let z(f) = -f**3 + 10*f**2 - 2*f + 4. What are the prime factors of z(7)?
137
Suppose -5*p + 5 = 0, -4*x + p - 4*p + 31 = 0. Suppose -x*y = -2*y - 100. List the prime factors of y.
2, 5
List the prime factors of 7 + (-1 - 2) + 9.
13
Let f(h) = 5 + h - 5 - 4. List the prime factors of f(10).
2, 3
Suppose -2*k + 2 + 2 = 0. Suppose s = 5*f - 44, k = 2*s + 10. Suppose -f = 4*j - 32. What are the prime factors of j?
2, 3
List the prime factors of ((-1)/(-2))/((-3)/(-6)) + 151.
2, 19
Let b be -12*(0 - (-3)/(-9)). Suppose -b*s + 8 + 16 = 0. Let x = -4 + s. List the prime factors of x.
2
Let n(t) = t**3 + 10*t. Let c(v) = -v**2 - v. Let k(a) = -6*c(a) - n(a). What are the prime factors of k(5)?
5
Let z(m) be the second derivative of -m**5/20 + m**2/2 + m. List the prime factors of z(-2).
3
Suppose 5*h + 33 - 13 = 0. List the prime factors of (-31)/(-3) - h/6.
11
Suppose -3*g - 4*l = -430, -g + 18 = 4*l - 128. What are the prime factors of g?
2, 71
Let n = 38 + -26. List the prime factors of n.
2, 3
Let v be (-80)/(-12) - (-1)/3. Suppose 5*w - 132 = -v. List the prime factors of w.
5
Let c(y) = 13*y**2 - y + 10. What are the prime factors of c(-5)?
2, 5, 17
Let t(b) = 2*b**2 - 3*b + 3. Let n be t(2). Suppose -n*o + 65 = -0*o. What are the prime factors of o?
13
Let s = 49 - -1. List the prime factors of 4/8*s + 0.
5
Let i(r) = r**2 + 10*r - 7. Let b be i(-11). Suppose -t + b*t = 42. What are the prime factors of t?
2, 7
Let p(f) = -f**2 + 5*f - 3. Let h be p(3). Suppose h*k - 50 = -2*k. List the prime factors of (k + 0)/(1/1).
2, 5
Let y be (187 - -1)*3/4. Suppose 0*b - 4*b + 48 = 0. What are the prime factors of y/b - (-2)/8?
2, 3
Let d(x) = -3*x - 16. What are the prime factors of d(-10)?
2, 7
Let m(o) = -o**2 - 9*o - 2. Let s be m(-9). Let n = 10 + s. List the prime factors of n.
2
Let q = -5 + 13. Let x = 0 + q. List the prime factors of x.
2
What are the prime factors of 1/(4 + (-309)/78)?
2, 13
Suppose -22 = v + 3. Let a = -32 + 17. Let r = a - v. List the prime factors of r.
2, 5
Suppose -2*d - 362 = -5*n - d, 4*n + 4*d = 280. List the prime factors of n.
2, 3
Suppose 3 - 8 = -i. Suppose -4*m = -i*x - 183, -4*x - 231 = -3*m - 2*m. What are the prime factors of m?
47
Let i be 2/(-7) + 86/7. Let r = -3 + 2. Let g = i + r. List the prime factors of g.
11
Let l(b) = 8*b + 3. List the prime factors of l(6).
3, 17
List the prime factors of -2 - 1 - ((-4 - -2) + -60).
59
Let s = 4 + -4. Suppose 0 = a - 3*u - 0 - 2, s = 5*a - 5*u. What are the prime factors of a*-12*(-3 - -4)?
2, 3
List the prime factors of -6 + (2 - -4) + 37*4.
2, 37
Suppose 7*b = 4*b + 9. Suppose b*k + 5*p - 55 = -k, -2*p = -6. What are the prime factors of k?
2, 5
Let o = 70 + -23. What are the prime factors of o?
47
Suppose 5*u + 2 = -3. Suppose -4*d + 3*m + 12 = 5*m, -10 = -d - 4*m. Let g = d - u. What are the prime factors of g?
3
Let l = 14 - 10. Let t(q) = -q**3 + 5*q**2 + 1. What are the prime factors of t(l)?
17
Suppose 4*a - 233 - 411 = 0. What are the prime factors of a?
7, 23
Let j(b) = b**3 + 3. Let s be j(0). Suppose s*p - 24 = -0*p. List the prime factors of p.
2
Suppose 2*z = 5 + 1. Let v(x) = x - z + 4 + 1. List the prime factors of v(6).
2
Suppose -10*f + 100 = -5*f. What are the prime factors of f?
2, 5
Let l = 6 - 0. What are the prime factors of l?
2, 3
Suppose -4*z = n + 10, -9*z + 8*z = 2*n - 15. List the prime factors of n.
2, 5
Suppose 4*c - 5*m = 337, 5*c = -4*m - 0*m + 370. List the prime factors of 1/(-3*(-2)/c).
13
Let c(t) = -t**2 - 13*t - 17. Let m be c(-12). What are the prime factors of m + 3 + 2 + 30?
2, 3, 5
Suppose -3 = 3*q - 2*k - 7, 2*q - 8 = -4*k. Suppose -q*c - 2*z = z - 1, 5*c - z = -40. What are the prime factors of -10*(c/2 + 2)?
3, 5
Suppose 65 = 2*d + 9. What are the prime factors of d?
2, 7
Let h(i) = -i**2 - 7*i. Let o be h(-6). Let a be (-2)/(-12) + (-132)/(-72). Let b = o - a. What are the prime factors of b?
2
Let z = 223 - 75. What are the prime factors of z?
2, 37
Suppose -382 = -2*s - 52. List the prime factors of s.
3, 5, 11
Suppose 8 = 4*d - s - 6, d - 8 = -2*s. Suppose -2 + d = m. Suppose -m = x + 2*a, -a - 4 = -x + 3. List the prime factors of x.
2
What are the prime factors of (-1)/(1 - 56/52)?
13
Let p(h) = 8*h + 39. List the prime factors of p(13).
11, 13
Suppose n - 5*z = 15, 2*z - 12 = -2*n + 3*z. Suppose n*m + 4*u = 7, 3*u - 8 = 5*m + 6. Let j = 11 - m. List the prime factors of j.
2, 3
Let n = 8 + -4. List the prime factors of 2 - (-3)/6*n.
2
Suppose 76 = 3*n - 56. Suppose y - 11 = -2*z, 4*y + 3*z - z - 20 = 0. Suppose -y*f + n = f. List the prime factors of f.
11
What are the prime factors of 0 - -42 - (1 + -5)?
2, 23
Let p(i) = 4*i - 7. Let a be p(6). Suppose -2*n + 3 - a = -2*j, j + 2*n = 7. Suppose 3*r = 7*r + 4*f - 20, 2*r - f - j = 0. What are the prime factors of r?
2
Let a be -1*2/(-4)*0. Let r = 0 - a. What are the prime factors of (r + 3*2)*1?
2, 3
Suppose -5 = 4*d + 3. What are the prime factors of 46*(2 + 3/d)?
23
Let v(o) = 4 - 3*o**3 - o**3 + 2*o**2 + 3*o + 3*o**3. What are the prime factors of v(3)?
2
Suppose -21 + 0 = -3*g. What are the prime factors of 404/g - 8/(-28)?
2, 29
Let g be ((-4)/8)/((-2)/20). Suppose -17 = g*z + 23. Let t = z + 15. What are the prime factors of t?
7
Suppose 0 = 2*t - 55 - 65. List the prime factors of t.
2, 3, 5
Let t(m) = 5*m**2 + 7*m - 5. Let d(f) = -f**2 + f + 1. Let z(r) = -4*d(r) - t(r). Let n be z(-8). Suppose -4*u - u = -n. List the prime factors of u.
5
Let q(g) = -g**3 + 6*g**2 - 4*g - 4. Let f be q(5). Let a = 4 - f. What are the prime factors of a?
3
Suppose -201 = 9*y - 12*y. What are the prime factors of y?
67
Suppose 0 = 3*w + 4*o + 7, w - 2*o = -w + 14. Let n = 11 + w. What are the prime factors of n?
2, 7
List the prime factors of 54*-4*2/(-16).
3
List the prime factors of (2/5)/((-4)/(-1500)).
2, 3, 5
Suppose -2*a = 8, -5*a + a = 2*i + 2. Let f(b) = 35*b**3 - b**2 + 1. Let t be f(1). Suppose -3*j - i = -4*k, 5*k + 3*j = -2*j + t. List the prime factors of k.
2
Let r(s) = s**3 + 5*s**2 - 5*s + 2. Let y be r(-6). Let c(g) = g**2 + 3*g + 2. What are the prime factors of c(y)?
2, 3
Let y(g) = -g**2 - 13*g - 4. What are the prime factors of y(-11)?
2, 3
Let u be (7/3)/(3/54). Suppose b - 4*n = u + 40, -2*b - 2*n = -134. Suppose 5*s = -5*r + b, 3*r - s = -0*s + 30. What are the prime factors of r?
11
Let d = -20 - -36. Suppose -2*p + a - d = 0, 3*a = -2*a. Let i = -6 - p. What are the prime factors of i?
2
What are the prime factors of (18/8)/((-4)/(-32))?
2, 3
Let n(q) = q**2 + 9*q + 3. Let x be n(-7). Let c(v) = -v**2 - 11*v + 3. List the prime factors of c(x).
3
Suppose -3*b = 2*g - 8*b + 86, 5*b = 20. Let a = g + 46. What are the prime factors of a?
13
Let s = -85 - -207. List the prime factors of s.
2, 61
Suppose c + 11 = 60. What are the prime factors of c?
7
Suppose 149 = 4*h - 215. Suppose 4*c + 4*n = 112, 6*c - 4*n - h = 3*c. What are the prime factors of c?
29
Suppose l + k = 60, 2*l - 5*k - 27 - 65 = 0. Let z = -33 + l. What are the prime factors of z?
23
Suppose 9 + 416 = 5*d. Suppose -3*q + d = -8. What are the prime factors of q?
31
Suppose -42 + 186 = 4*r. What are the prime factors of r?
2, 3
Let u be 0/8 + 2 + 1. Let j = 16 - u. What are the prime factors of j?
13
Let f(v) = v**2 - 5*v + 4. Let k be f(5). Suppose 47 = 4*z - u, -5*u - 4 = -3*z + k*z. What are the prime factors of z?
11
Suppose 2*x = 2*z - 8 - 38, 27 = z - 2*x. What are the prime factors of z?
19
Let z be (4 - 2)*(-10)/(-4). Let r = 1 + z. What are the prime factors of r?
2, 3
Let i(q) = -q**2 - 9*q - 9. Let v be i(-7). Suppose 4*o + 25 - 1 = w, 0 = v*w 